vided by 36.
8
What is the remainder when 296 is divided by 64?
40
What is the remainder when 1637 is divided by 126?
125
Calculate the remainder when 592 is divided by 67.
56
Calculate the remainder when 287 is divided by 18.
17
Calculate the remainder when 112 is divided by 23.
20
What is the remainder when 665 is divided by 652?
13
Calculate the remainder when 328 is divided by 42.
34
What is the remainder when 206 is divided by 35?
31
Calculate the remainder when 899 is divided by 75.
74
Calculate the remainder when 110 is divided by 32.
14
Calculate the remainder when 807 is divided by 212.
171
Calculate the remainder when 1302 is divided by 212.
30
What is the remainder when 744 is divided by 65?
29
Calculate the remainder when 387 is divided by 365.
22
What is the remainder when 187 is divided by 142?
45
Calculate the remainder when 679 is divided by 167.
11
Calculate the remainder when 96 is divided by 27.
15
Calculate the remainder when 1341 is divided by 28.
25
What is the remainder when 273 is divided by 42?
21
Calculate the remainder when 6719 is divided by 12.
11
What is the remainder when 49 is divided by 36?
13
Calculate the remainder when 71 is divided by 40.
31
Calculate the remainder when 188 is divided by 51.
35
What is the remainder when 200 is divided by 95?
10
What is the remainder when 172 is divided by 50?
22
Calculate the remainder when 490 is divided by 64.
42
Calculate the remainder when 56 is divided by 15.
11
What is the remainder when 14 is divided by 12?
2
What is the remainder when 305 is divided by 77?
74
What is the remainder when 237 is divided by 17?
16
What is the remainder when 173 is divided by 22?
19
Calculate the remainder when 81 is divided by 42.
39
Calculate the remainder when 3999 is divided by 23.
20
Calculate the remainder when 2258 is divided by 20.
18
Calculate the remainder when 3054 is divided by 65.
64
What is the remainder when 1075 is divided by 79?
48
What is the remainder when 258 is divided by 68?
54
What is the remainder when 2462 is divided by 22?
20
What is the remainder when 277 is divided by 31?
29
Calculate the remainder when 1063 is divided by 152.
151
What is the remainder when 188 is divided by 68?
52
Calculate the remainder when 479 is divided by 32.
31
Calculate the remainder when 3700 is divided by 411.
1
What is the remainder when 38 is divided by 21?
17
Calculate the remainder when 53 is divided by 21.
11
What is the remainder when 454 is divided by 29?
19
What is the remainder when 186 is divided by 59?
9
What is the remainder when 732 is divided by 335?
62
Calculate the remainder when 330 is divided by 69.
54
Calculate the remainder when 988 is divided by 90.
88
What is the remainder when 2738 is divided by 64?
50
Calculate the remainder when 78 is divided by 20.
18
Calculate the remainder when 1125 is divided by 190.
175
What is the remainder when 2030 is divided by 73?
59
Calculate the remainder when 194 is divided by 188.
6
Calculate the remainder when 288 is divided by 33.
24
Calculate the remainder when 1680 is divided by 113.
98
What is the remainder when 575 is divided by 96?
95
What is the remainder when 125 is divided by 7?
6
Calculate the remainder when 212 is divided by 76.
60
Calculate the remainder when 404 is divided by 9.
8
Calculate the remainder when 34366 is divided by 64.
62
What is the remainder when 332 is divided by 53?
14
Calculate the remainder when 740 is divided by 115.
50
Calculate the remainder when 77 is divided by 5.
2
Calculate the remainder when 2372 is divided by 34.
26
What is the remainder when 204 is divided by 201?
3
Calculate the remainder when 82 is divided by 14.
12
What is the remainder when 863 is divided by 20?
3
What is the remainder when 353 is divided by 20?
13
What is the remainder when 197 is divided by 17?
10
What is the remainder when 148 is divided by 34?
12
What is the remainder when 308 is divided by 70?
28
What is the remainder when 939 is divided by 49?
8
Calculate the remainder when 893 is divided by 36.
29
What is the remainder when 1265 is divided by 7?
5
Calculate the remainder when 193 is divided by 42.
25
Calculate the remainder when 1407 is divided by 20.
7
Calculate the remainder when 366 is divided by 77.
58
What is the remainder when 226 is divided by 111?
4
What is the remainder when 140 is divided by 47?
46
What is the remainder when 1551 is divided by 128?
15
What is the remainder when 499 is divided by 15?
4
Calculate the remainder when 30159 is divided by 8.
7
What is the remainder when 507 is divided by 68?
31
Calculate the remainder when 149 is divided by 9.
5
Calculate the remainder when 1301 is divided by 109.
102
What is the remainder when 17399 is divided by 174?
173
What is the remainder when 2335 is divided by 146?
145
Calculate the remainder when 2082 is divided by 124.
98
What is the remainder when 6265 is divided by 49?
42
What is the remainder when 564 is divided by 71?
67
What is the remainder when 987 is divided by 118?
43
What is the remainder when 165 is divided by 103?
62
Calculate the remainder when 8549 is divided by 17.
15
Calculate the remainder when 199 is divided by 3.
1
Calculate the remainder when 490 is divided by 100.
90
What is the remainder when 254 is divided by 55?
34
What is the remainder when 1187 is divided by 589?
9
Calculate the remainder when 13822 is divided by 18.
16
What is the remainder when 37338 is divided by 27?
24
What is the remainder when 12890 is divided by 496?
490
What is the remainder when 259 is divided by 53?
47
Calculate the remainder when 475 is divided by 120.
115
Calculate the remainder when 641 is divided by 21.
11
What is the remainder when 10 is divided by 5?
0
What is the remainder when 2048 is divided by 54?
50
What is the remainder when 178 is divided by 40?
18
Calculate the remainder when 197 is divided by 22.
21
Calculate the remainder when 88 is divided by 61.
27
Calculate the remainder when 154 is divided by 42.
28
What is the remainder when 2398 is divided by 37?
30
Calculate the remainder when 119 is divided by 21.
14
Calculate the remainder when 148 is divided by 90.
58
What is the remainder when 1479 is divided by 492?
3
Calculate the remainder when 1538 is divided by 14.
12
What is the remainder when 313 is divided by 28?
5
Calculate the remainder when 179 is divided by 58.
5
Calculate the remainder when 708 is divided by 225.
33
What is the remainder when 349 is divided by 141?
67
What is the remainder when 137 is divided by 10?
7
What is the remainder when 85 is divided by 34?
17
Calculate the remainder when 127 is divided by 34.
25
What is the remainder when 200 is divided by 12?
8
What is the remainder when 420 is divided by 106?
102
What is the remainder when 177 is divided by 71?
35
Calculate the remainder when 702 is divided by 15.
12
What is the remainder when 68 is divided by 8?
4
What is the remainder when 689 is divided by 22?
7
Calculate the remainder when 2437 is divided by 808.
13
What is the remainder when 191 is divided by 27?
2
Calculate the remainder when 18436 is divided by 42.
40
Calculate the remainder when 71 is divided by 6.
5
Calculate the remainder when 275 is divided by 133.
9
Calculate the remainder when 757 is divided by 347.
63
Calculate the remainder when 640 is divided by 93.
82
Calculate the remainder when 1005 is divided by 72.
69
Calculate the remainder when 121 is divided by 34.
19
Calculate the remainder when 819 is divided by 5.
4
Calculate the remainder when 1172 is divided by 17.
16
Calculate the remainder when 591 is divided by 269.
53
Calculate the remainder when 9 is divided by 6.
3
Calculate the remainder when 2500 is divided by 76.
68
What is the remainder when 3277 is divided by 205?
202
What is the remainder when 637 is divided by 130?
117
Calculate the remainder when 98 is divided by 24.
2
What is the remainder when 86 is divided by 39?
8
What is the remainder when 760 is divided by 199?
163
Calculate the remainder when 2781 is divided by 164.
157
Calculate the remainder when 220 is divided by 77.
66
What is the remainder when 139 is divided by 20?
19
What is the remainder when 7255 is divided by 19?
16
Calculate the remainder when 242 is divided by 50.
42
What is the remainder whe